72.
24
What is the greatest common factor of 44799 and 10870788?
327
What is the greatest common factor of 5499130 and 110?
10
What is the highest common divisor of 23250 and 2450?
50
What is the highest common factor of 2128044 and 172?
4
What is the highest common divisor of 5356 and 803073284?
5356
Calculate the greatest common divisor of 2190132 and 42.
42
What is the highest common factor of 868 and 2241512?
28
Calculate the highest common factor of 20 and 66954995.
5
What is the highest common divisor of 1604888605 and 827?
827
What is the greatest common factor of 383 and 125083587?
383
Calculate the greatest common divisor of 270 and 126636750.
270
What is the greatest common factor of 184338 and 1345428?
2394
Calculate the highest common divisor of 1799126 and 112.
14
What is the highest common factor of 30818 and 31578?
38
Calculate the greatest common factor of 1232165 and 704.
11
Calculate the highest common factor of 8661600 and 15.
15
Calculate the greatest common factor of 76 and 176491171.
19
Calculate the greatest common factor of 28847 and 25538471.
2219
Calculate the highest common divisor of 69 and 2442738.
69
Calculate the greatest common factor of 2068583 and 13748.
491
Calculate the greatest common factor of 25 and 343486075.
25
Calculate the greatest common divisor of 5844366 and 2178.
198
What is the greatest common divisor of 2794294 and 5986?
146
What is the highest common divisor of 951925 and 300875?
725
Calculate the greatest common factor of 2257619 and 182.
91
What is the greatest common factor of 155 and 59530385?
155
What is the highest common divisor of 1163940 and 143127?
57
Calculate the highest common factor of 8775488 and 1248.
32
Calculate the greatest common divisor of 1399762 and 3094.
182
Calculate the highest common divisor of 511 and 38811764.
73
Calculate the highest common factor of 62387 and 21350751.
4799
What is the greatest common factor of 151575 and 984700?
1075
Calculate the highest common factor of 29027939 and 73.
73
Calculate the highest common divisor of 423 and 554553.
423
What is the greatest common divisor of 42960 and 440520?
120
What is the highest common divisor of 2598 and 541668?
6
What is the greatest common divisor of 167094 and 2358?
18
Calculate the greatest common divisor of 178321 and 33930.
377
Calculate the highest common divisor of 73764 and 126.
18
What is the greatest common factor of 15995965 and 2062?
1031
What is the greatest common divisor of 113459483 and 14766?
2461
Calculate the greatest common factor of 128 and 1332928.
64
Calculate the greatest common divisor of 16513457 and 44864.
701
Calculate the greatest common factor of 195 and 54460029.
39
Calculate the greatest common factor of 40523 and 803844.
827
Calculate the highest common factor of 175 and 9006865.
35
What is the greatest common factor of 23 and 4763599?
23
What is the highest common divisor of 40464064 and 192?
64
What is the greatest common factor of 36146468 and 388?
388
What is the greatest common divisor of 8050188 and 264?
12
What is the greatest common divisor of 932 and 376316?
4
What is the highest common factor of 4815 and 34915170?
1605
Calculate the highest common factor of 121212 and 36276.
12
Calculate the highest common factor of 35190 and 7319790.
90
Calculate the greatest common factor of 4862 and 78514007.
2431
Calculate the greatest common divisor of 28055083 and 238.
119
What is the highest common factor of 304000 and 32148?
76
Calculate the highest common factor of 61164 and 292326542.
3398
Calculate the highest common factor of 1679 and 52141.
23
Calculate the highest common divisor of 13772160 and 11904.
384
Calculate the highest common factor of 1656 and 22991352.
552
Calculate the highest common divisor of 7665886 and 7671.
2557
Calculate the greatest common factor of 2250 and 50686650.
450
Calculate the greatest common factor of 45584 and 19596236.
1628
What is the highest common divisor of 678680964 and 23?
23
What is the highest common factor of 2105 and 28558535?
2105
Calculate the greatest common divisor of 156113704 and 5312.
664
What is the highest common factor of 246 and 6807271?
41
Calculate the highest common factor of 1420 and 3292.
4
Calculate the greatest common divisor of 198 and 20545041.
33
What is the greatest common factor of 70 and 21865795?
35
What is the highest common factor of 7220 and 16655?
5
What is the highest common divisor of 2428850 and 13950?
1550
Calculate the greatest common divisor of 1064360 and 158480.
40
What is the highest common factor of 1485 and 175815?
45
What is the highest common factor of 68235389 and 6667?
113
What is the greatest common divisor of 371 and 485913169?
371
What is the greatest common divisor of 996342501 and 17556?
4389
Calculate the greatest common divisor of 13211 and 101959.
11
What is the highest common factor of 284709 and 99?
3
Calculate the greatest common divisor of 136418262 and 353.
353
What is the greatest common divisor of 553489 and 7391?
19
Calculate the greatest common factor of 3971 and 33671.
11
What is the greatest common divisor of 4075960 and 1120?
280
What is the highest common divisor of 2876 and 11332?
4
What is the greatest common factor of 278 and 17288542?
278
Calculate the greatest common divisor of 222 and 734910132.
222
Calculate the greatest common factor of 5184848 and 432.
16
What is the greatest common divisor of 33137 and 9551103?
2549
What is the greatest common divisor of 1473169 and 3667?
193
Calculate the greatest common factor of 2617482 and 18473.
1421
What is the greatest common divisor of 2062898671 and 61?
61
What is the highest common factor of 225144 and 13833?
477
Calculate the greatest common divisor of 39949 and 18681.
13
What is the greatest common factor of 2169 and 81848661?
723
What is the highest common factor of 1030 and 488830?
10
Calculate the greatest common factor of 966 and 12073896.
138
What is the highest common divisor of 4185412 and 1276?
44
Calculate the highest common divisor of 1235186841 and 21.
21
What is the highest common divisor of 106074 and 231736?
166
What is the highest common factor of 22916617 and 53?
53
What is the greatest common divisor of 44658201 and 323?
17
What is the greatest common divisor of 12 and 147783?
3
Calculate the greatest common factor of 14583156 and 504.
84
What is the highest common divisor of 20444 and 1492?
4
Calculate the greatest common divisor of 412587 and 8288.
259
What is the highest common factor of 493 and 15525?
1
Calculate the greatest common divisor of 11236 and 2953584.
212
Calculate the highest common factor of 223 and 1350017024.
223
What is the greatest common divisor of 15741750 and 525?
75
What is the highest common factor of 3527347 and 68?
17
What is the highest common factor of 3790 and 65164123?
379
What is the greatest common divisor of 7814 and 220?
2
Calculate the greatest common factor of 188288 and 138368.
128
Calculate the highest common factor of 3406987 and 109140.
1819
Calculate the highest common factor of 18588966 and 264.
66
Calculate the greatest common factor of 21529314 and 837.
837
What is the greatest common factor of 240 and 5986460?
20
Calculate the greatest common divisor of 553615 and 151560.
2105
What is the highest common divisor of 221216 and 58044224?
7136
Calculate the highest common divisor of 47422791 and 117.
117
What is the greatest common factor of 24398235 and 5?
5
What is the highest common divisor of 170 and 78915?
5
What is the highest common divisor of 21368 and 48232?
8
What is the greatest common factor of 192 and 6366688?
32
Calculate the highest common factor of 5125 and 43825.
25
What is the highest common factor of 324520 and 9352?
56
Calculate the highest common divisor of 1059 and 19620799.
353
Calculate the greatest common factor of 829470 and 339270.
1290
Calculate the greatest common divisor of 7036 and 244.
4
What is the greatest common factor of 10887958 and 3375174?
9298
Calculate the highest common factor of 152 and 41392984.
8
Calculate the highest common divisor of 739460640 and 40.
40
Calculate the highest common divisor of 27417070 and 1812.
302
Calculate the highest common factor of 51 and 55401657.
51
What is the highest common di